 (-2 + -10)) + l. Calculate the greatest common divisor of n and g.
2
Suppose -2*b = -b + 10. Let i = b + 5. Let r(a) = a**3 + 6*a**2 - 6*a - 1. Let y be r(i). What is the highest common divisor of 6 and y?
6
Let b = 2 - 2. Let r be (1 - b - 1)/1. Suppose -n + 4*n - 30 = r. Calculate the highest common factor of 60 and n.
10
Suppose 39 = 3*w + f, w - f + 27 = 3*w. What is the greatest common divisor of 12 and w?
12
Let p(g) = g**2 - 9*g + 30. Let s be p(3). Calculate the greatest common divisor of s and 48.
12
Let m(k) = -6*k - 15. Let u be m(-10). Suppose 73 = 4*z + 5*h, -5*z = -h - 2*h - u. Calculate the highest common factor of 12 and z.
12
Let c(x) = x**2 - 4*x + 1. Let a be c(5). Suppose 2*t = -0*t. Suppose 2*v + t*v = 3*p - 37, 3*v = -5*p + 87. What is the greatest common divisor of p and a?
3
Let i be (70/21)/(1/9). Calculate the highest common factor of i and 6.
6
Let o be -4 - (1 - (0 + -1)). Let v(w) = -w + 2. Let h be v(o). Let u be -2*(-12)/(0 + 3). What is the highest common factor of h and u?
8
Suppose -5*m - 330 = -5*n, -3*n = m - 50 - 132. Suppose -3*d + n = -28. Calculate the highest common factor of d and 5.
5
Let h(k) be the second derivative of -k**4/12 - k**3 + 5*k**2/2 + 3*k. Let w be h(-6). Calculate the greatest common factor of w and 15.
5
Suppose 4*w - 5*q = -17, -7 = w - 2*w - q. Suppose 125 = -w*p + 7*p. Let o be 4/38 + (-1880)/(-190). Calculate the highest common factor of p and o.
5
Let p be (7/(-21))/(1/267). Let h = p - -133. Calculate the highest common divisor of 4 and h.
4
Let s be 2 + -2 + 2 - 0. Let k be (1 + (2 - 3))/2. Let b be 3 + -3 + (2 - k). Calculate the greatest common factor of s and b.
2
Suppose -2*r - t = -r - 4, r - 13 = 2*t. Calculate the greatest common factor of 7 and r.
7
Let g(c) = -c**3 - 4*c**2 - 9*c - 6. Let f be g(-6). Let x(l) = -4*l + l + 2*l + l**2 + 20. Let h be x(0). Calculate the greatest common factor of h and f.
20
Suppose 2*j - 4 = -0. Suppose 3*t = -w + j*t, -3*t = 9. Let p be 1*(11 + w + 3). Calculate the highest common factor of 153 and p.
17
Let d be (2/1)/(2/1). Let j be (-1)/d + -1 + 3. Let w be (0 - j)/(1/(-5)). Calculate the greatest common divisor of w and 40.
5
Suppose -m = 2*m - 243. Let y be 0/2 - 8/(-2). Let c be 2/(16/18)*y. What is the highest common divisor of c and m?
9
Let h be ((-6)/4)/((-15)/800). Calculate the highest common factor of h and 20.
20
Let j = 304 + -523. Let m = 147 + j. Let y be (2/(-4))/(1/m). Calculate the highest common factor of y and 12.
12
Suppose -5*b = -5*p + 90, 0 = -3*p - 5*b + 7 + 23. Suppose 3*j - 7 = 8. Calculate the highest common divisor of j and p.
5
Let v be 2 - (4 + 3/1). Let g = v + 21. What is the highest common divisor of g and 48?
16
Suppose 3 = 2*b - 3. Let o be (2/4)/((-3)/(-144)). What is the highest common factor of o and b?
3
Suppose -50 = -5*a - 0*a. What is the highest common factor of 70 and a?
10
Let t be (8/6)/(12/54). Suppose 0 = 2*a + 3*a - 20. Suppose -y - a*y = -210. Calculate the greatest common divisor of y and t.
6
Let j = 14 + -7. Let c(g) be the second derivative of -g**3/6 + 8*g**2 + 18*g. Let b be c(j). What is the highest common divisor of b and 99?
9
Let y be (-4 - (-2235)/18) + (-1)/6. Calculate the highest common divisor of y and 24.
24
Let m(z) = -3*z - 8. Let b be m(-6). Let q = 26 - b. What is the greatest common divisor of 80 and q?
16
Let v = 18 + -7. Let r = 148 - 104. Calculate the greatest common factor of v and r.
11
Let j = -15 + 23. Suppose 0 = -v + 4*m + j, -2*v + 7 = -4*m - 17. Suppose -v = -x - x. What is the highest common factor of 4 and x?
4
Let c = -5 - -10. Suppose j - 2*j = -c. Let a = 6 - -9. What is the highest common factor of a and j?
5
Let s(v) = v**2 + 7*v + 1. Let z be s(-5). Let f be 102/27 - 2/z. Suppose f*j - 2*j = 100. Calculate the greatest common divisor of j and 20.
10
Suppose -3*s - k + 48 + 16 = 0, k + 68 = 3*s. Let d = s - 31. Let v = -1 - d. What is the greatest common factor of 72 and v?
8
Let x = 22 + 88. Suppose 5*q - 51 = -m, -2*m = q - 0*m - 12. What is the highest common divisor of q and x?
10
Suppose -3*q = a + 2*a - 6, -3*q - 4*a + 4 = 0. What is the greatest common divisor of 36 and q?
4
Suppose -g - 5*g + 162 = 0. Calculate the greatest common factor of g and 3.
3
Let w(r) = -r**3 + 4*r**2 + 2*r - 2. Let c be w(4). Let d be (c/9)/(2/(-3)). Let f = d + 8. What is the highest common factor of 7 and f?
7
Let x(n) = 95*n**3 + n. Let l be x(1). Let j(w) = 2*w**2 - 6*w + 4. Let a be j(4). Calculate the highest common factor of a and l.
12
Let n(a) = -70*a - 14. Let b be n(-11). Suppose -o + 5*o - b = 0. What is the greatest common factor of 21 and o?
21
Suppose 2*q = 5*q - 21. Let d(u) = u**2 - 3*u + 4. Let g be d(q). Suppose -2 + g = 3*a. Calculate the greatest common divisor of a and 30.
10
Let z = -1 + 37. Suppose -j = -4*j + z. Suppose 146 + 46 = 2*b. Calculate the highest common factor of b and j.
12
Let w(q) = q**2 + 0 + 3 - 2 + 12*q**2. Let n be w(-1). Calculate the highest common factor of n and 28.
14
Suppose 2*g - 40 = v + 35, -g - v = -39. Calculate the highest common factor of 19 and g.
19
Let x be 1 - (-71 + (-9)/3). Suppose -30 = -3*s - 2*s. Let a be x/s - (-1)/(-2). What is the highest common divisor of a and 6?
6
Suppose 0 = 12*d - 258 - 66. Let k(o) = o**2 - 4*o - 3. Let w be k(7). What is the greatest common factor of d and w?
9
Suppose -4*c + 0*c + 208 = 0. What is the greatest common divisor of 52 and c?
52
Let j = -12 + 20. Let i(z) = z + 64. Let q be i(0). What is the greatest common factor of q and j?
8
Let s be (5/10*-2)/(-1). Calculate the highest common divisor of s and 13.
1
Let p(i) = -i + 40. Let b be p(23). Calculate the highest common divisor of 119 and b.
17
Let u(p) = -2*p + 6. Suppose -37 = 5*o + 4*j, -4*j = -5*o + 3 - 16. Let l be u(o). Let i = 34 - -30. What is the highest common factor of i and l?
16
Suppose -r + 78 = 2*r. Let m be ((-52)/(-6))/(6/27). What is the greatest common factor of m and r?
13
Suppose -2*f - 9 = -2*w + 59, -w + 4*f + 46 = 0. Let a = -56 + 83. Let u = -15 + a. What is the highest common factor of w and u?
6
Let d = -84 + 141. What is the highest common factor of 19 and d?
19
Let k = 9 - 4. Suppose 4*s - 19 = k. Calculate the highest common divisor of 6 and s.
6
Suppose 5*z = 170 + 1030. What is the highest common factor of 48 and z?
48
Suppose -4*c + 9*c - 10 = 0. Let a = -3 - -3. Let i be 1/(1/5) - a. Calculate the highest common divisor of c and i.
1
Let k = -15 - -43. Let r(u) = -u + 3. Let d be r(5). Let q = 6 + d. Calculate the greatest common factor of q and k.
4
Let p be 2*((-2)/2 + 10). Let s(a) = -a**3 + 14*a**2 - 23*a + 15. Let v be s(12). What is the greatest common divisor of v and p?
9
Let b = -2 - -3. Let a be 48/(-21) + 6/21. Let p be -2*(0 - -2)*a. What is the highest common divisor of b and p?
1
Let h be (-3)/2*40/(-3). Let v(d) = 0*d + 5*d + 4 - 3*d. Let g be v(3). Calculate the highest common factor of h and g.
10
Suppose 0 = -b + 2*a + 2, 4*a - 32 = -b - 0. Suppose 3*v = -0*q - 2*q + 162, q - 82 = -v. Calculate the greatest common divisor of b and q.
12
Suppose -3*h - 2*h = -45. Suppose 34 = 5*v - j, h = 3*v + 2*j - 14. What is the highest common divisor of v and 7?
7
Let v be 142/6 - (-4 + 11/3). What is the highest common factor of v and 132?
12
Let w be 10/(-25) - 24/15*-4. Calculate the highest common divisor of w and 4.
2
Suppose -3*o = -0*o - 15. Suppose -6 - 14 = -2*h. Calculate the highest common divisor of h and o.
5
Suppose 0 = -5*d - 3*j + 501, 3*d - 4*j - 241 - 48 = 0. What is the highest common divisor of 11 and d?
11
Suppose -92 = 2*l - 716. Calculate the greatest common divisor of 39 and l.
39
Suppose -k = -2*i + 84, 5*k + 3 - 183 = -5*i. Calculate the greatest common divisor of i and 16.
8
Suppose 3*q + 12 = 2*p, 5*p - 2*q - 4 = 26. What is the highest common factor of p and 9?
3
Let m = -12 - -24. Let o be 516/4 + 3/1. Calculate the greatest common factor of o and m.
12
Let a be 6*2/3*2. Let p = -26 + 34. What is the highest common factor of p and a?
8
Suppose 3*h + 2 = 2*y, 0*h = -3*h + 4*y - 4. Suppose 2*s + 31 + h = p, -p - 4*s + 19 = 0. Suppose p = l - 63. What is the highest common factor of l and 10?
10
Let q(g) = -2*g + 2. Let t be q(6). Let a = t 